)?
-24
Evaluate 2 + 22 + (-45 - -6).
-15
(29 - (29 + -27)) + -31
-4
0 + -6 - (27 + -12 + -12)
-9
Evaluate 19 - (26 - (-2 - -22)).
13
Calculate (0 - -4) + (-23 - -26) - -3.
10
48 + (-7 - 12 - -6 - -8) + -7
36
Calculate 0 + (-8 - -7 - -3) + 1.
3
(-1 - -18) + (-1 - -5 - (-89 + 93))
17
Calculate 13 + (-1 - -3 - (-115 + 121)).
9
Calculate -5 + 4 + (-4 - (-8 + 1 + -1)).
3
Calculate -3 + 14 + -5 - 15.
-9
Evaluate 32 - (-17 + 33 + 20).
-4
Evaluate (1 - 7) + (3 - -4) + (22 - 12).
11
(23 - 28) + 1 + 14
10
-273 + 262 + -5 + -2
-18
Calculate -6 + 17 - (-3 + 22).
-8
What is the value of 5 - (6 + (15 - 15)) - (31 - -2)?
-34
What is the value of 0 + 18 + (3 + -4 + 2 - 2)?
17
What is the value of 2 + -4 - -21 - (-30 + 63 + -36)?
22
Calculate (5 - (-11 + 14 + -8)) + 0.
10
What is (-2 - (-18 - -8)) + 7 - 31?
-16
What is the value of 4 - (-1 + 7 - -1) - 1?
-4
Evaluate 31 - 14 - 12 - (-2 - -9).
-2
Evaluate 14 + 0 + (-12 - (-12 + 5)).
9
What is -6 + (11 - 2 - 6)?
-3
Calculate (33 - -19) + -28 - 39.
-15
Calculate (-221 - -184) + (-4 - -59).
18
Calculate 8 - 7 - 2 - 3 - 5.
-9
Evaluate 13 + -2 + (4 - (0 + 6) - -6).
15
What is the value of 3 + (14 - 1) + 82 + -86?
12
8 - (6 - (1 + -16 - (61 - 60)))
-14
What is 3 + -19 - (-235 - -199)?
20
Evaluate (-63 - -7 - -27) + 22.
-7
Evaluate 0 - (17 + -37 - -19).
1
(5 - 2) + -3 + 3 - (-15 - -17)
1
1 + -19 + (37 - (-4 + 30))
-7
Evaluate 105 + -101 - (12 + 2).
-10
Calculate 9 + (-1 + -23 - -22).
7
What is the value of (12 + 2 - (3 + -2)) + -3?
10
Evaluate (34 - 46) + (-4 - 2).
-18
Evaluate 12 - 10 - (-3 + 2) - (-10 - 0).
13
Calculate (4 - 1) + -6 - (-6 - (3 + -3)).
3
Calculate -19 + 60 + -56 + (-15 - 1).
-31
Evaluate -3 + -2 - (-74 - -77).
-8
Evaluate -29 + 0 - (-512 - -502).
-19
Calculate 23 - (50 - -6) - -17.
-16
Evaluate 18 + -25 + -4 + (0 - 1).
-12
What is -23 - (-26 - -16 - -18 - 11)?
-20
What is 7 + (-17 - -12) + (-2 - 1)?
-1
What is the value of 27 + (-10 - (-16 - (-8 - -12 - -2)))?
39
What is -1 + -8 + (-30 - (-4 + -13))?
-22
What is the value of -1 - (0 - 8) - (1 - -8)?
-2
What is the value of 165 + -172 + 1 + -11 + 2 + 4?
-11
What is -9 - 5 - (5 + -13 + 5)?
-11
Evaluate -10 + (34 - 6) + -7.
11
Calculate ((32 - 11) + -7 - -6) + -13.
7
(-11 - 1) + (711 - 711)
-12
Calculate 33 - ((22 - 52) + 69).
-6
1 + (6 - (3 + 8))
-4
Evaluate 3 - (-13 - 2) - 0.
18
Calculate -1 + 1 + -6 + (38 - (23 - 4)).
13
Calculate 6 + -2 + (17 - (24 + -12)).
9
Calculate 4 - (27 - 5) - (-1 + -7 + 0).
-10
Calculate 0 + (5 + -3 - 0) + 29 + -36.
-5
-7 + (20 - 11) + 7
9
Evaluate -14 + 6 + -4 + 4 + 3.
-5
Evaluate 24 + -31 + 63 + -28.
28
What is 16 + -12 + -13 + 8?
-1
What is (-12 - 1) + (240 - 226)?
1
What is the value of -30 + 29 - (-15 + 12 + -2 + 1)?
3
Calculate (-11 - (-39 - -3)) + -11.
14
Evaluate 26 + (22 - (7 - -22)).
19
What is -3 + -4 + -6 + 7 + 0?
-6
-4 + (-5 - (-15 - -15))
-9
What is -9 - ((4 - -3) + -5 - -11)?
-22
Evaluate (1 - 0) + -18 + 195 + -195.
-17
Evaluate -28 + -16 - -109 - 48.
17
What is -2 + 4 + -14 + 8 + 13?
9
What is the value of 8 - (-7 + 10 - (6 + -19))?
-8
Calculate (1 + -1 - -1) + (-20 - -14) + 5.
0
(30 - 43) + (-5 - -1) - (1 + -9)
-9
-16 + 28 + (-2 - (-4 - -5))
9
Calculate -5 - (-8 - -6 - (-1 - -25) - -7).
14
What is the value of (-4 - -18) + -11 - 15?
-12
Evaluate -7 - (-24 - -31) - 14.
-28
What is (14 - 11 - 14) + 13?
2
Evaluate -11 + 2 + (7 - 38 - -35).
-5
-5 + 45 + -8 + -19
13
What is 8 - ((29 - 14) + (-2 - 3))?
-2
Calculate 24 - (-12 + (16 - -2)).
18
(-1 + 0 - 3) + -1 - (57 - 61)
-1
What is (23 - 38) + -4 - 0?
-19
-33 + 42 + -9 - -33
33
Evaluate 36 + 21 + -39 + -31.
-13
What is 0 - (2 - (-19 + 5))?
-16
-27 + (20 - (6 - -2 - 5))
-10
Evaluate -3 - (3 - -2) - (-26 + 31).
-13
Calculate -9 - (-16 + (-5 - -12) - (1 + -7)).
-6
Calculate 0 + 11 + -13 + 13 - (219 + -199).
-9
Calculate -1 + 2 + 8 + 2.
11
(0 - (1 + -8)) + 6 + (3 - 6)
10
Evaluate (18 - 2) + -203 + 191.
4
What is -17 - -22 - -7 - -2?
14
Evaluate 92 + -99 + (-1 - 3).
-11
What is 56 + (-16 - 18) - -11?
33
What is the value of -7 + 2 - (-8 - 2)?
5
What is the value of 20 - (1 + -1 + 6)?
14
What is the value of -434 - -436 - (-1 - -7)?
-4
Calculate 21 + -15 + (-69 + 56 - (-1 + 1)).
-7
What is the value of -2 + (-7 - -4) - (13 + (-10 - 7))?
-1
-5 + 4 + -2 + 0 - (-1 - -8)
-10
What is (3 - (3 + 0)) + 9 - -17 - 3?
23
(7 - (4 + -15 + 9 + -18)) + -3
24
What is 0 - (7 + -29 + 14) - -27?
35
What is the value of 3 + 14 + -7 + -13?
-3
Evaluate (0 + -7 + 15 - 15) + 7.
0
What is the value of 11 + (14 - 30) + -3 + -1?
-9
Calculate 6 + -58 - (-12 - 15).
-25
Evaluate 3 - (5 + (-5 - -12)).
-9
865 - 871 - (30 + -2)
-34
Evaluate -15 - (-3 + 19 - (75 - 58)).
-14
Evaluate -11 - -6 - -3 - 5 - -8.
1
-41 + (51 - 16) - (1 + (-1 - -2))
-8
Evaluate (-15 - -13) + 8 + -7 + 29.
28
What is 0 + 11 + (-5 - 7)?
-1
2 + -3 + -1 + (341 - 350)
-11
Evaluate -12 - (1 + -6 + (12 - 23 - -12)).
-8
What is (-15 - (-4 + -3)) + (1 - -4)?
-3
What is the value of 20 + (37 - 58) + (-8 - -1) + 0?
-8
Calculate -21 + (51 - 26) - (4 - 1).
1
14 + 10 + (9 - 8) + -5
20
What is the value of -21 + 3 + 30 + -8 + 0?
4
What is the value of 14 - (-53 + 18 - -66)?
-17
What is -3 - (23 + -3 + -32)?
9
What is the value of -11 - ((-6 - -22) + -16)?
-11
Calculate -5 + ((-6 - 2 - -3) + 20 - 2).
8
Evaluate (-4 + -2 + 3 - 3 - 12) + -6.
-24
What is the value of -9 + -6 + -3 + (18 - 11)?
-11
-9 + 19 - (2 + (-2 - -1))
9
Evaluate -38 + 75 - 36 - (5 - 1).
-3
-1 + -2 - (-3 - (3 - 0 - -3))
6
What is -7 - ((2 - 19 - -1) + 7)?
2
-4 + (2 - (-1 - -3 - -3))
-7
Calculate (-1 + -12 - (-12 + 16 + -9)) + -5.
-13
19 - (-6 - (-3 - 14))
8
Calculate 0 + (16 - 1) - (-53 + 49).
19
0 + (28 + -41 - (-5 - 1))
-7
What is 1 + (-27 - -21) + 41?
36
Calculate (14 - (11 - (-5 - -11))) + (1 - -3).
13
What is 27 + (-9 - 3) + -3?
12
Calculate (0 - 0 - -20) + (384 - 384).
20
What is (-47 - -42) + (3 - 2) + 8?
4
Evaluate -1 - -3 - (-77 - -61).
18
Calculate 35 - (-6 - -50 - 29).
20
What is the value of -4 - ((-7 - -5) + -7) - 1?
4
What is (4 - (6 - 1)) + 8 + 6?
13
Evaluate (-30 - -22) + 0 + 14 - (-1 - 16).
23
What is -22 + (-1 - (3 + -1)) + 1291 + -1286?
-20
Evaluate (7 - (4 + (-3 - -4))) + -7.
-5
-34 + 43 + (-5 - -4)
8
Calculate (-1 - (-10 - 1)) + (-166 - -155).
-1
What is -31 + 0 + (-132 - -149)?
-14
What is the value of -18 + (14 - (5 + -9)) + 12?
12
What is -2 + -20 - (3 - 11)?
-14
Evaluate 10 + 0 + (10 - (35 - (1 - 3))).
-17
Calculate (7 - 63) + 62 - (-12 + -2 + 1).
19
12 + -4 + (-7 + -3 - (-20 - 1))
19
What is the value of 21 + -24 - (8 + -53 + 9)?
33
What is -8 - (-19 - -9 - (-8 + 27))?
21
What is the value of -41 - (-4 - (28 - 21))?
-30
12 + 2 + -10 - -3
7
What is -1 + 27 + (0 - 5) + 23 + -32?
12
What is the value of 29 - (3 + -26 - -31)?
21
Calculate (-43 - 53) + 92 - ((0 - 0) + 4).
-8
Calculate 15 + -3 + -30 - (2 + -12).
-8
Evaluate -2 - 1 - (-12 - 10 - -14).
5
Evaluate 15 + (-4 - (-20 - -24)).
7
Evaluate (0 - -30 - (44 - 54)) + 6 + -16.
30
Evaluate 26 + -21 + (0 - -7) + -10 + 9.
11
-208 + 209 + 1 + -2 + 5 - 6
-1
7 - 1 - (-34 + 41)
-1
Evaluate 1 - 19 - (6 - 39).
15
2 + (5 + -8 - (10 - 4) - -12)
5
(6 - -2 - (52 + -37)) + 5 + 9
7
What is 108 + -89 + (6 - 16 - (-2 + 1))?
10
What is the value of 12 - (8 + (-23 - -20))?
7
Evaluate (77 - 30) + -36 - 1.
10
-15 - (60 - 28 - 21)
-26
What is (52 + 7 - 16) + (-15 - 0)?
28
What is 1 + -15 + 9 + 0?
-5
Calculate (2 - (11 - 7)) + (5 + -1 - -12).
14
Evaluate 1 + (10 - 41) - -37.
7
Evaluate (-22 - -18) + 2 + 0 + -1 + 0.
-3
Evaluate (-15 - (-4 + 0)) + -15 + (-1 - -15).
-12
What is (5 - -6) + 7 + -10 + (-5 - -2)?
5
What is -4 - -7 - (-4 + (-3 - -3))?
7
What is (772 - 738) + (-21 - 1)?
12
What is the value of -5 + 0 - ((-16 + -13 - -10) + 12)?
2
Evaluate -4 + -10 + 13 - (4 - (21 + -2)).
14
Evaluate -2 + -4 + 7 + -7 + (-8 - -16).
2
(-145 - -142) + (2 - -33) + -9
23
What is 6 - (3 + -3) - (-4 - 8 - 8)?
26
What is the value of (-2 - 1) + 5 - (187 + -199)?
14
Calculate 20 + (-6 - 12 - -14).
16
(-10 - -5) + (3 + 28 + 0 - 1)
25
What is -5 - (-43 - (-3 + 10 + -16))?
29
Evaluate 53 - (28 + 7 + -17 + 0).
35
Calculate -23 - ((2 - -6) + (-9 - 12)).
-10
Calculate (2 - (14 - 6)) + -12.
-18
What is the value of (-6 - (8 - 7) - -9) + 4?
6
Evaluate -19 - 0 - (3 + -24 + 8 + 6).
-12
Calculate (2 - -27) + 629 + -674.
-16
Evaluate (512 - 499) + (-33 - 